*((-25)/2 + (13 - 11) + 6).
7
Let p be (-1 + 220/(-8))/((-15)/10). Suppose -4 + p = 2*r + j, 57 = 5*r - 4*j. Calculate the remainder when 44 is divided by r.
8
Calculate the remainder when 3617 is divided by 14*(4 + -2) + (26 - 27).
26
Let q(u) = 4*u**2 + 105*u + 106. Calculate the remainder when q(-38) is divided by 87.
65
Let b = 17973 - 17967. Calculate the remainder when (0 - 1)*(-5 - 4) is divided by b.
3
Suppose 683*o - 685*o - 4186 = -4*b, -3*b + 3138 = -3*o. Calculate the remainder when b is divided by 83.
51
What is the remainder when 1385 is divided by 181 + (132 + -131)*(1 - -9)?
48
Let d(l) = 2*l**3 - 14*l**2 - 17*l - 16. Let c be d(9). Suppose -c*x = -145*x - 50. What is the remainder when 23 is divided by x?
3
Suppose m - k = 34, -m + 7 + 35 = 3*k. What is the remainder when 3778 is divided by m?
34
Let j = 297 - 255. Suppose 5*o + j = 6*o - 4*f, 0 = 2*o - 3*f - 99. What is the remainder when 106 is divided by o?
52
Let d(g) = -100*g + 3169. What is the remainder when d(-11) is divided by 178?
175
Suppose -n = 4*n - 170. Suppose -901*z + 902*z = -2*r + 237, -943 = -4*z - 3*r. Calculate the remainder when z is divided by n.
31
Suppose 0 = -5*p - 3*u + 4982, 2*p + 5*u - 2152 = -182. Calculate the remainder when p is divided by 314.
58
Suppose -4*a + 2*p + 174 = 0, p - 4*p = 5*a - 212. Suppose -6*n + 9*n + 210 = 3*h, 4*h - 3*n - 278 = 0. What is the remainder when h is divided by a?
25
Let i(t) = -t**3 + 11*t**2 + 21*t + 5. Suppose -11*x = 6 - 138. Calculate the remainder when i(x) is divided by 58.
55
Suppose -o = n - 4*o - 343, n = -9*o + 367. Let s = 14 + 8. Calculate the remainder when n is divided by s.
19
Let w(u) = 2258*u - 369. What is the remainder when w(1) is divided by 100?
89
Suppose 3*u - 4 = 5*u. Calculate the remainder when 439 is divided by u/12 - 615/(-18).
31
Suppose -167*c + 163*c + 12 = 0. What is the remainder when (17*c - (-30)/10) + 1 is divided by 20?
15
Let t = -658 - -675. Suppose -u + 452 - 98 = 0. Suppose -v = 2*v - u. Calculate the remainder when v is divided by t.
16
Suppose -4*v = -5*p + 924, -5*v + 3*v + 918 = 5*p. What is the remainder when p is divided by 82?
20
Let r(h) = -h**2 - 6*h + 7. Suppose 13939 = 71*k + 4141. Calculate the remainder when k is divided by r(-6).
5
Suppose -40*p - 282 = -42*p - 3*t, -4*t = -5*p + 705. Calculate the remainder when p is divided by 16.
13
Let f be (-2)/(-6) + 3 + 980/(-15). Calculate the remainder when ((-22)/6)/((-1)/33) is divided by (-2)/((0 - -6 - 2)/f).
28
Let d(y) = -y**3 + 14*y**2 + 21*y + 15. Let m be d(16). Let z = m - -271. Let f = -39 - -47. Calculate the remainder when z is divided by f.
6
Suppose 0 = -3*x - x + 140. Suppose 0 = -2*c + p + x, -3*c = -5*c - 5*p + 41. Let f = 21167 - 21161. What is the remainder when c is divided by f?
0
Let i be 1*((-315)/7 + 8). Let l = i - -110. What is the remainder when 1166 is divided by l?
71
Suppose 4*q + 14*v - 13*v = 18, q - 5*v = 15. Suppose 0 = 3*s + 4*c - 1723, 5*s + q*c - 578 = 4*s. What is the remainder when s is divided by 32?
29
Suppose 4*l - 8*p - 102 + 22 = 0, -2*l - p + 65 = 0. What is the remainder when 84 is divided by l?
24
Suppose -12 = -4*h - 2*u, -10*h + 22 = -6*h - 3*u. Calculate the remainder when 400/6 - (-4)/(-6) is divided by h + -5 + (3 - -22).
18
Let n(r) = -r**2 - 15*r + 119. Let j be n(-20). Suppose 8*q - j*q + 704 = 0. Calculate the remainder when 830 is divided by q.
62
Suppose 66*n = 54*n - 110*n + 482266. Calculate the remainder when n is divided by 17.
9
Let o be (1 - (-52)/12)*(-57)/(-76). Suppose -186 = -9*l + 5*l + c, c - 182 = -o*l. Calculate the remainder when 135 is divided by l.
43
Suppose 2*c = c - 65. Suppose 0 = 3*p + 4*d - 79 - 225, 4*d = -p + 112. Let w = p + c. What is the remainder when w is divided by 11?
9
Let g(x) = 118*x**2 + 2*x - 1. What is the remainder when g(1) is divided by -12*((-2484)/144 - -15)?
11
Let s = -64 - -92. Let v = -32 - -17. Let a = 21 + v. What is the remainder when s is divided by a?
4
Let j = 536 + -532. What is the remainder when 42 is divided by -2*(-9)/8*j?
6
Let t = -15986 - -17222. What is the remainder when t is divided by 113?
106
Suppose -35*l + 160718 = 136*l + 155*l. Let s(f) = -f**3 - f + 3. Calculate the remainder when l is divided by s(-3).
31
Suppose h + 278 = 5*y, 5*h - 187 - 19 = -3*y. What is the remainder when y is divided by 17?
6
Suppose 36*n = 5*j + 32*n - 150, -2*j - 2*n + 42 = 0. What is the remainder when 166 is divided by j?
10
Let n be (125 + 0)*1*4/(-10). Let d = n + 224. What is the remainder when -4 - -6*d/9 is divided by 39?
34
Let t = -6148 + 7733. Calculate the remainder when t is divided by 82.
27
Let b(g) = g**2 + 7*g + 8. Let i be b(-6). Suppose 0 = -0*m - m + i. Suppose 28 = 3*l - m. What is the remainder when l is divided by 4?
2
Suppose 3*u + 36 = -3*v, 50 = -5*u + 4*v + v. Let j = u + 20. Let x(k) = -k**3 + 8*k**2 + 11*k - 5. Calculate the remainder when 90 is divided by x(j).
12
Let y = -985 - -1028. Calculate the remainder when 5630 is divided by y.
40
Suppose 0 = 2*b + 3*s - 41 - 78, -2*s + 118 = 2*b. Let t = -30 + 45. What is the remainder when b is divided by t?
13
What is the remainder when (20/(-50))/((-10)/12175) + 1 + -5 is divided by 121?
120
Let t = 2697 - 2640. What is the remainder when 734 is divided by t?
50
Suppose 460*h + 457*h = 972*h - 5115. What is the remainder when h is divided by 22?
5
Suppose -4*u - 26 + 2 = 0. Let y be -7 - (-5)/(-10)*u. What is the remainder when (y - -1) + 3 + -1 - -77 is divided by 13?
11
Let d(y) = -4*y - 8. Let b = -53 - -39. Calculate the remainder when d(b) is divided by 10.
8
Suppose -273 = -4*l + 3*n, 15*l - n - 68 = 14*l. Suppose -7*x - 494 = -26*x. What is the remainder when l is divided by x?
17
Suppose -f = -3*v - 2*f + 338, v + f - 114 = 0. Let i = 262 - v. What is the remainder when i is divided by 23?
12
Suppose 3*m = 2*w + 1, 6*w + 4*m = 3*w + 24. Let q be (-3)/7*(w - -2)*-7. Let p = 26 - q. Calculate the remainder when 69 is divided by p.
5
Let k(g) = -3*g**3 - 4*g**2 - 2*g. Let p be k(-2). Suppose -2*b + 5*q + 0 = -8, 3*b - p = 4*q. What is the remainder when 190 is divided by 1/((-2)/(-256)*b)?
30
Let g be (-27)/18*(-4)/6. Let q = 20 - 14. What is the remainder when ((-32)/g)/(-1)*11/22 is divided by q?
4
Suppose -j + 12*t = 7*t - 2, 0 = j + t - 20. What is the remainder when 76 is divided by j?
8
Let i(y) = 2*y**2 - 1 + 4 + 3*y + 1 - 5. Let p = -495 + 509. Calculate the remainder when p is divided by i(-3).
6
Let n = -2 + 212. Calculate the remainder when n is divided by 110.
100
Let m = -16287 + 16347. What is the remainder when 21178 is divided by m?
58
Let f = 2047 + -2044. Suppose 0 = f*l - 44 - 136. Let p = -10 - -18. Calculate the remainder when l is divided by p.
4
Suppose -4*o + 48 + 7 = 5*v, -2*v + 4*o = -50. Suppose 55 = 2*h + v. Suppose h - 6 = l + 3*j, 2*l - j = 0. Calculate the remainder when 10 is divided by l.
0
Let r = 3300 + -3290. Let s(m) = 4*m**2 + 2*m + 4. Suppose -2 - 1 = -j. What is the remainder when s(j) is divided by r?
6
Let m(r) = 8*r + 8*r - 17 + 87 + 19. Let y(b) = -2*b**3 + 2*b**2 + 1. What is the remainder when y(-2) is divided by m(-5)?
7
Let b = 167 - -2. Calculate the remainder when b is divided by 24.
1
Let g = -49 - -94. Suppose -30422 + 2066 = -278*o. What is the remainder when o is divided by g?
12
Suppose 0 = 3*o + c - 305 - 73, -520 = -4*o + 4*c. Suppose 8*w + 4*b = 5*w + o, 2*b = -w + 41. What is the remainder when 174 is divided by w?
39
Suppose -39*s - 123 + 1449 = 0. Let t(l) = l**3 + 11*l**2 - 3*l - 1. Calculate the remainder when t(-5) is divided by s.
28
Let o(k) = k**2 + 45*k + 510. Suppose -85 = -5*b + 5*l, 0*l = 3*l + 12. What is the remainder when o(-29) is divided by b?
7
Let c = -18285 - -18363. Calculate the remainder when 1394 is divided by c.
68
Suppose 109*f - 6443 - 84463 = 0. What is the remainder when f is divided by 94?
82
Suppose 0 = v + 2, -q = 3*v - 16 + 3. Let d = 339 - -86. Suppose -125 = 10*x - d. What is the remainder when x is divided by q?
11
Let t(o) = -8*o**2 - 82*o - 12. Let h be t(-10). What is the remainder when 1*(-30)/(-25)*740/h is divided by 44?
23
Let j(c) = -185*c + 2387. Calculate the remainder when j(10) is divided by 14.
5
Suppose -547 - 1203 = -35*i.